+ 32, -5*q - 6 = -4*s - 47. Let j(u) = u**3 - u**2 - u + 38. Let b be j(0). Let a = b + s. What are the prime factors of a?
29
Suppose -972 - 1518 = -5*l. List the prime factors of l.
2, 3, 83
Suppose -5*p - 1 + 2 = -v, 0 = -v - 1. Suppose -2*t = 2*u - 4*u + 126, p = 4*t. Suppose -u = -4*g + 41. List the prime factors of g.
2, 13
Let d(t) = -2*t**2 - 3*t - 5. Let f be d(-2). Let w(l) = l + 15. List the prime factors of w(f).
2
Suppose -2*q = -3*g + 1, 5*q - 5 = -0. What are the prime factors of (19/(-3) + g)*-12?
2
Suppose 15*t - 6604 = 15416. List the prime factors of t.
2, 367
Suppose 2*o - 234 - 78 = 0. List the prime factors of (o/(-8))/((-18)/60).
5, 13
Suppose -4*g + g = -9. Suppose g*q + 4*q = 14. Suppose 2*y = 2*b + 3*b, 2*y - 28 = -q*b. List the prime factors of y.
2, 5
Let b be 5 + 2582/8 + (-2)/(-8). Suppose -c = 5*k - 4*c - 383, -4*k + b = 3*c. List the prime factors of k.
79
Let o(n) be the first derivative of -1/4*n**4 + 0*n**2 - 5*n - 3 - 4/3*n**3. List the prime factors of o(-5).
2, 5
What are the prime factors of (-6 + (72 - -7))*(9 + -2)?
7, 73
Suppose 0 = 4*d - a - 1, 5 = 5*d - 2*a + 3. Suppose -472 = -d*f - 8*f. List the prime factors of f.
59
Suppose 21*z = -77*z + 323694. List the prime factors of z.
3, 367
Suppose -5*o + 10 = -20. Let g = 10 - o. Suppose -g*n + 10 = -10. What are the prime factors of n?
5
Suppose -5*b + 0*d + 20 = 2*d, 2*d - 4 = 3*b. Suppose 5*j + 37 = b*r, -5*j + 1 = -4. Let l = r - -37. What are the prime factors of l?
2, 29
Let v(l) = l**3 + 8*l**2 + 8*l + 9. Let w be v(-7). Suppose -2*d = 2*d + 3*z - 64, -z = 2*d - 34. Let h = d - w. List the prime factors of h.
17
Suppose 2*g - 4*j = 0, 4*g + 2*j = g + 40. Let c = 24 - g. What are the prime factors of c?
2, 7
Let z be (-5761)/(-77) - (-2)/11. Suppose 0 = -u, -4*a - a = 3*u - z. List the prime factors of a.
3, 5
Let y(z) = -2*z - 26. Let q be y(19). List the prime factors of 16/q - (-421)/4.
3, 5, 7
Suppose 2*m = -2*i - m + 1270, -1895 = -3*i - 2*m. What are the prime factors of i?
17, 37
Suppose -2*b + 3*b - 5*i = 95, 2*b = -4*i + 218. Suppose -129 = -6*f + b. List the prime factors of f.
3, 13
Let p = 274 + 400. What are the prime factors of p?
2, 337
Let o = 1276 - 1864. List the prime factors of o/(-15) + 4/5.
2, 5
Let p(g) = g**3 + 9*g**2 + 3*g - 9. Suppose -5*l - 45 = -j, -3*j - j = -5*l - 60. List the prime factors of p(l).
31
Let i(z) = -z - 17. Let n be i(-12). Let p = n - -10. Suppose -4*f + p = -3. What are the prime factors of f?
2
Let v be -1 - (-3 + 0/(-3)). Suppose -3*p + 3*f = -f - 139, -5*p = -v*f - 241. List the prime factors of p.
7
Let m be 2*((-3)/(-6) - 0). Suppose 5*d - 300 = 5*b, 0 = b - 2*b - m. List the prime factors of d.
59
Let p be 2 - -1 - (3 - -2). Let j = -8 - p. Let b(n) = -5*n - 6. List the prime factors of b(j).
2, 3
Suppose 117*k - 17097 = 76*k. List the prime factors of k.
3, 139
Let k be (-12)/5*1*(-3 - 2). List the prime factors of (-422)/(-4) + ((-66)/k)/11.
3, 5, 7
Suppose -3*o + 84 = -7*o. Let g = -9 - o. List the prime factors of g.
2, 3
Suppose 3198 - 7497 = -3*i. What are the prime factors of i?
1433
What are the prime factors of 2 - ((-21102)/16 - (-1)/(-8))?
1321
List the prime factors of 48/192 - 29334/(-8).
19, 193
Let y = -303 + 742. Suppose k - y = -83. List the prime factors of k.
2, 89
Suppose f + 2*k = -4*f + 214, -3*k - 9 = 0. Let z = -25 + f. Suppose 2*q - 3*t - 15 = 0, -4*t + 16 + z = q. What are the prime factors of q?
3, 5
Suppose 2*r - 4*q - 1216 = -2*q, -2447 = -4*r + q. What are the prime factors of r?
613
List the prime factors of (-24)/108 + (-224)/(-36).
2, 3
Let a = -544 + 800. Suppose -a = 3*y - 910. What are the prime factors of y?
2, 109
Let b be (6/(-8))/((-8)/576). Let d = b - 42. What are the prime factors of d?
2, 3
Suppose 3*b + 1 = -f + 19, 5*f + 2*b = 51. Let c = f + -2. List the prime factors of c.
7
Let t(c) = -c**3 - 9*c**2 + 3*c - 5. Let z be t(-6). Let a = -91 - z. What are the prime factors of a?
2, 5
Suppose 3*o - 199 = -4*y - 0*o, 4*y - 5*o = 159. Suppose w + w - y = -4*v, -2*v + 116 = 4*w. List the prime factors of w.
31
Let f(c) = -6*c**3 - c - 1. Let y be f(-1). Suppose 0*n = -3*n + y. Suppose 3*v + n*j - 46 = 0, 55 = 5*v - 2*j + j. List the prime factors of v.
2, 3
Let g = -19 + -3. Let n = 31 + g. Suppose -31 = -2*a + n. What are the prime factors of a?
2, 5
Let w be ((-4)/(-8))/(4/24). Suppose 23 = r + w. Suppose -9*i = -14*i + r. List the prime factors of i.
2
Let d = 319 - 267. List the prime factors of d.
2, 13
Let r(f) = -f**3 + 3*f**2 - f + 3. Let q be r(3). Suppose q = -0*a + 4*a + 288. What are the prime factors of (-5022)/a - 1/(-4)?
2, 5, 7
Let c = 2 - 0. Let t = 26 - 16. Suppose -c*x + t = -16. List the prime factors of x.
13
Let o = 2830 - 2155. List the prime factors of o.
3, 5
Let j(x) be the second derivative of 3*x + 1/20*x**5 - 1/6*x**3 + 7/2*x**2 + 3/4*x**4 + 0. List the prime factors of j(-9).
2
List the prime factors of 5/75 - 777647/(-195).
2, 997
Suppose -36*j = -34*j - 202. What are the prime factors of j?
101
What are the prime factors of (14985/25)/(291/(-30) - -10)?
2, 3, 37
Suppose -1558*z + 38475 = -1549*z. What are the prime factors of z?
3, 5, 19
Let d be 8 + (-1 - (4 + -2)). Suppose -d*s - 4*f = -41, 8*f = 5*s + 3*f - 5. Let u = -2 + s. What are the prime factors of u?
3
Let j be 4638/22 + (-62)/(-341). Let l be -4*43*(-1)/4. Suppose 3*o + l = j. What are the prime factors of o?
2, 7
Let p(o) = -o**3 - 8*o**2 - 6*o + 11. Let b be p(-7). Suppose 40 - 16 = b*s. What are the prime factors of s?
2, 3
Suppose -5*f + 2*f = u - 110, -410 = -4*u + 3*f. Suppose -u - 58 = -3*z. List the prime factors of z.
2, 3
Let h(l) = l**2 - 9*l + 7. Let a be h(6). Let b = 11 + a. Suppose -3*j + 73 + 32 = b. What are the prime factors of j?
5, 7
What are the prime factors of 1 + (8/(-14) - 34480/(-70))?
17, 29
Let w be (1 - 1)*(-10)/30. Suppose 3*a - 7*a + 312 = w. What are the prime factors of a?
2, 3, 13
Suppose -x + 57 = -18. Let q = -97 + 61. Let s = x + q. What are the prime factors of s?
3, 13
Let n be (-9)/2*(-4)/(-6). What are the prime factors of -32*(n + 21/12)?
2, 5
Let g(j) = 2*j**2 - j - 45. Let r be g(0). Let v be ((-120)/18)/(3/r). Suppose -w = w - k - v, -2*w - 3*k = -108. List the prime factors of w.
3, 17
Let b = -5 - -7. Let s be (4/(-10))/(b/(-30)). List the prime factors of (2/s)/(2/156).
2, 13
Let z be 4 - 25/(-10)*(-130)/(-5). Suppose 0 = -2*h - 132 + 44. Let f = z + h. List the prime factors of f.
5
Let q(v) = 16*v - 7. Suppose 4*b - 8*b + 20 = 0. Suppose -5*h = 5*x - 20, -4*h + b*x + 1 = -6. What are the prime factors of q(h)?
41
Suppose 0 = -5*h - 3*a + 5, 3*h + 4*a = 6 - 3. Let w be -10 + 60 + (4 - h). Let t = -38 + w. List the prime factors of t.
3, 5
Suppose -3*j - 5997 = -2*h, 2*h + 5*j = 3*h - 3002. What are the prime factors of h?
3, 37
Suppose 2*a = -5*s - 693, s - 559 = 5*s - 3*a. Let f = s + 208. List the prime factors of f.
3, 23
Let m(g) = 2*g**2 + 8*g - 3. Let f = 28 + -41. Let y be m(f). What are the prime factors of (2 + -4)*y/(-6)?
7, 11
Let t(c) = c + 11. Let y be t(-11). Suppose y = 10*r - 4*r - 42. What are the prime factors of -1 + (2 - 0) + r?
2
List the prime factors of (-34434)/(-30) + 15/75.
2, 7, 41
Suppose -56*t + 8 = -60*t. Let c(a) = -a**2 - 5*a + 6. Let j be c(-5). List the prime factors of 70/8*(t + j).
5, 7
Suppose 7*k + 4 = 8*k. Suppose 0 = 2*p + k*o + 3 - 37, 2*o + 51 = 3*p. What are the prime factors of p?
17
Suppose -5*w + 5 = 4*q - 0, 0 = 5*q - 4*w - 37. Suppose -44 = p - q*p. What are the prime factors of p?
11
Let r(x) = x**3 - 3*x**2 + 7*x - 7. What are the prime factors of r(8)?
3, 41
Let l = 4942 - 2242. What are the prime factors of l?
2, 3, 5
Let b(f) = 2*f + 19. Let y(z) = -6*z - 39. Let q(i) = -13*i - 78. Let c(n) = 2*q(n) - 5*y(n). Let l(v) = 13*b(v) - 6*c(v). What are the prime factors of l(19)?
3, 17
Let a = 3 + -3. Let b(o) be the first derivative of o**4/4 + o**3/3 + 25*o + 1. What are the prime factors of b(a)?
5
Let i be (6 - 2/(-1)) + 2. Let n(b) = -b + i + 26 - b - 21. What are the prime factors of n(-10)?
5, 7
Suppose -a - v - 4 = 0, -a + 4*v = 8*v + 16. Suppose -j + 4 + 0 = a. Suppose 0 = -4*w + j + 4. What are the prime factors of w?
2
Suppose n + 76 = -n. Let z = n - -